{"id":28,"date":"2021-01-15T10:07:52","date_gmt":"2021-01-15T10:07:52","guid":{"rendered":"http:\/\/biblioteka.unsa.ba\/?page_id=28"},"modified":"2023-02-02T07:51:22","modified_gmt":"2023-02-02T07:51:22","slug":"biblioteke-unsa","status":"publish","type":"page","link":"https:\/\/biblioteka.unsa.ba\/","title":{"rendered":"Mre\u017ea biblioteka"},"content":{"rendered":"<p><\/p>\r\n<p class=\"is-layout-flex wp-container-core-columns-is-layout-9d6595d7 wp-block-columns-is-layout-flex\"><strong>Grupacija dru\u0161tvenih nauka<\/strong><\/p>\r\n<div class=\"wp-block-columns\">\r\n<div class=\"wp-block-column\" style=\"flex-basis: 100%;\">\r\n<div class=\"wp-block-columns\">\r\n<div class=\"wp-block-column\">\r\n\r\n\r\n<p>Ekonomski fakultet<br \/><a href=\"http:\/\/www.efsa.unsa.ba\/ef\/bs\/bibliotecko-informacioni-centar\">Biblioteka<\/a><\/p>\r\n\r\n\r\n\r\n<p>Fakultet politi\u010dkih nauka<br \/><a href=\"https:\/\/fpn.unsa.ba\/b\/biblioteka\/\">Biblioteka<\/a><\/p>\r\n\r\n\r\n\r\n<p>Fakultet sporta i tjelesnog odgoja<br \/>Biblioteka<\/p>\r\n\r\n\r\n\r\n<p>Fakultet za kriminalistiku, kriminologiju i sigurnosne studije<br \/><a href=\"https:\/\/biblioteka.fkn.unsa.ba\/\">Biblioteka<\/a><\/p>\r\n\r\n\r\n\r\n<p>Fakultet za upravu<br \/><a href=\"https:\/\/fu.unsa.ba\/o-fakultetu\/organizacija\/odjeli\/biblioteka\/\">Biblioteka<\/a><\/p>\r\n\r\n\r\n\r\n<p>Institut za istra\u017eivanje zlo\u010dina protiv \u010dovje\u010dnosti i me\u0111unarodnog prava<br \/>Biblioteka<\/p>\r\n\r\n\r\n\r\n<p>Pravni fakultet<br \/><a href=\"https:\/\/www.pfsa.unsa.ba\/pf\/#Biblioteka\">Biblioteka<\/a><\/p>\r\n\r\n\r\n\r\n<p><strong>Grupacija humanisti\u010dkih nauka<\/strong><\/p>\r\n\r\n\r\n\r\n<p>Fakultet islamskih nauka<br \/><a href=\"https:\/\/fin.unsa.ba\/biblioteka\/\">Biblioteka<\/a><\/p>\r\n\r\n\r\n\r\n<p>Filozofski fakultet<br \/><a href=\"http:\/\/biblioteka.ff.unsa.ba\/\">Biblioteka<\/a><\/p>\r\n\r\n\r\n\r\n<p>Institut za historiju<br \/><a href=\"https:\/\/iis.unsa.ba\/biblioteka\/\">Biblioteka<\/a><\/p>\r\n\r\n\r\n\r\n<p>Institut za jezik<br \/>Biblioteka<\/p>\r\n\r\n\r\n\r\n<p>Katoli\u010dki bogoslovni fakultet<br \/><a href=\"https:\/\/kbf.unsa.ba\/knjiznica\/\">Biblioteka<\/a><\/p>\r\n\r\n\r\n\r\n<p>Orijentalni institut<br \/><a href=\"http:\/\/ois.unsa.ba\/index.php\/bs\/o-nama\/biblioteka\">Biblioteka<\/a><\/p>\r\n\r\n\r\n\r\n<p>Pedago\u0161ki fakultet<br \/><a href=\"http:\/\/pf.unsa.ba\/index.php\/fakultet\/strucne-sluzbe\/biblioteka\">Biblioteka<\/a><\/p>\r\n<\/div>\r\n<!-- \/wp:post-content -->\r\n\r\n<!-- wp:column -->\r\n<div class=\"wp-block-column\"><!-- wp:paragraph -->\r\n<p><strong>Grupacija medicinskih nauka<\/strong><\/p>\r\n<!-- \/wp:paragraph -->\r\n\r\n<!-- wp:paragraph -->\r\n<p>Fakultet zdravstvenih studija<br \/><a href=\"https:\/\/www.fzs.unsa.ba\/biblioteka-2\">Biblioteka<\/a><\/p>\r\n<!-- \/wp:paragraph -->\r\n\r\n<!-- wp:paragraph -->\r\n<p>Medicinski fakultet<br \/>Biblioteka<\/p>\r\n<!-- \/wp:paragraph -->\r\n\r\n<!-- wp:paragraph -->\r\n<p>Stomatolo\u0161ki fakultet sa klinikama<br \/><a href=\"https:\/\/sf.unsa.ba\/biblioteka\/\">Biblioteka<\/a><\/p>\r\n<!-- \/wp:paragraph -->\r\n\r\n<!-- wp:paragraph -->\r\n<p>Veterinarski fakultet<br \/><a href=\"https:\/\/vfs.unsa.ba\/portal\/sluzba-za-bibliotecko-informaticku-podrsku\/\">Biblioteka<\/a><\/p>\r\n<!-- \/wp:paragraph -->\r\n\r\n<!-- wp:paragraph -->\r\n<p><strong>Grupacija prirodno-matemati\u010dkih i biotehni\u010dkih nauka<\/strong><\/p>\r\n<!-- \/wp:paragraph -->\r\n\r\n<!-- wp:paragraph -->\r\n<p>Poljoprivredno-prehrambeni fakultet<br \/><a href=\"https:\/\/ppf.unsa.ba\/biblioteka.php\">Biblioteka<\/a><\/p>\r\n<!-- \/wp:paragraph -->\r\n\r\n<!-- wp:paragraph -->\r\n<p>Prirodno-matemati\u010dki fakultet<br \/><a href=\"https:\/\/pmf.unsa.ba\/organizacija\/biblioteka\/\">Biblioteka<\/a><\/p>\r\n<!-- \/wp:paragraph -->\r\n\r\n<!-- wp:paragraph -->\r\n<p>\u0160umarski fakultet<br \/><a href=\"https:\/\/www.sfsa.unsa.ba\/web\/biblioteka\/\">Biblioteka<\/a><\/p>\r\n<!-- \/wp:paragraph -->\r\n\r\n<!-- wp:paragraph -->\r\n<p><strong>Grupacija tehni\u010dkih nauka<\/strong><\/p>\r\n<!-- \/wp:paragraph -->\r\n\r\n<!-- wp:paragraph -->\r\n<p>Arhitektonski fakultet<br \/><a href=\"https:\/\/af.unsa.ba\/biblioteka\/\">Biblioteka<\/a><\/p>\r\n<!-- \/wp:paragraph -->\r\n\r\n<!-- wp:paragraph -->\r\n<p>Fakultet za saobra\u0107aj i komunikacije<br \/>Biblioteka<\/p>\r\n<!-- \/wp:paragraph -->\r\n\r\n<!-- wp:paragraph -->\r\n<p>Gra\u0111evinski fakultet<br \/><a href=\"https:\/\/gf.unsa.ba\/biblioteka\/\">Biblioteka<\/a><\/p>\r\n<!-- \/wp:paragraph -->\r\n\r\n<!-- wp:paragraph -->\r\n<p>Ma\u0161inski fakultet<br \/><a href=\"https:\/\/www.mef.unsa.ba\/bs\/biblioteka\">Biblioteka<\/a><\/p>\r\n<!-- \/wp:paragraph -->\r\n\r\n<!-- wp:paragraph -->\r\n<p><strong>Grupacija umjetnosti<\/strong><\/p>\r\n<!-- \/wp:paragraph -->\r\n\r\n<!-- wp:paragraph -->\r\n<p>Akademija likovnih umjetnosti<br \/><a href=\"http:\/\/alu.unsa.ba\/akademija-likovnih-umjetnosti-sarajevo\/biblioteka\">Biblioteka<\/a><\/p>\r\n<!-- \/wp:paragraph -->\r\n\r\n<!-- wp:paragraph -->\r\n<p>Akademija scenskih umjetnosti<br \/>Biblioteka<\/p>\r\n<!-- \/wp:paragraph -->\r\n\r\n<!-- wp:paragraph -->\r\n<p>Muzi\u010dka akademija<br \/><a href=\"http:\/\/www.mas.unsa.ba\/biblioteka\">Biblioteka<\/a><\/p>\r\n<!-- \/wp:paragraph -->\r\n\r\n<!-- wp:paragraph -->\r\n<p><strong>Biblioteke podorganizacionih jedinica<\/strong><\/p>\r\n<!-- \/wp:paragraph -->\r\n\r\n<!-- wp:paragraph -->\r\n<p>Centar za ljudska prava<br \/>Biblioteka<\/p>\r\n<!-- \/wp:paragraph --><\/div>\r\n<!-- \/wp:column --><\/div>\r\n<!-- \/wp:columns --><\/div>\r\n<!-- \/wp:column --><\/div>\r\n<!-- \/wp:columns -->\r\n<p>&nbsp;<\/p>\r\n<!-- wp:paragraph -->\r\n<p>&nbsp;<\/p>\r\n<!-- \/wp:paragraph -->","protected":false},"excerpt":{"rendered":"<p>Grupacija dru\u0161tvenih nauka Ekonomski fakultetBiblioteka Fakultet politi\u010dkih naukaBiblioteka Fakultet sporta i tjelesnog odgojaBiblioteka Fakultet za kriminalistiku, kriminologiju i sigurnosne studijeBiblioteka Fakultet za upravuBiblioteka Institut za istra\u017eivanje zlo\u010dina protiv \u010dovje\u010dnosti i me\u0111unarodnog pravaBiblioteka Pravni fakultetBiblioteka Grupacija humanisti\u010dkih nauka Fakultet islamskih naukaBiblioteka <a href=\"https:\/\/biblioteka.unsa.ba\/\" class=\"read-more\">Read More &#8230;<\/a><\/p>\n","protected":false},"author":3,"featured_media":0,"parent":0,"menu_order":0,"comment_status":"closed","ping_status":"closed","template":"","meta":{"footnotes":""},"class_list":["post-28","page","type-page","status-publish","hentry"],"_links":{"self":[{"href":"https:\/\/biblioteka.unsa.ba\/index.php?rest_route=\/wp\/v2\/pages\/28","targetHints":{"allow":["GET"]}}],"collection":[{"href":"https:\/\/biblioteka.unsa.ba\/index.php?rest_route=\/wp\/v2\/pages"}],"about":[{"href":"https:\/\/biblioteka.unsa.ba\/index.php?rest_route=\/wp\/v2\/types\/page"}],"author":[{"embeddable":true,"href":"https:\/\/biblioteka.unsa.ba\/index.php?rest_route=\/wp\/v2\/users\/3"}],"replies":[{"embeddable":true,"href":"https:\/\/biblioteka.unsa.ba\/index.php?rest_route=%2Fwp%2Fv2%2Fcomments&post=28"}],"version-history":[{"count":21,"href":"https:\/\/biblioteka.unsa.ba\/index.php?rest_route=\/wp\/v2\/pages\/28\/revisions"}],"predecessor-version":[{"id":333,"href":"https:\/\/biblioteka.unsa.ba\/index.php?rest_route=\/wp\/v2\/pages\/28\/revisions\/333"}],"wp:attachment":[{"href":"https:\/\/biblioteka.unsa.ba\/index.php?rest_route=%2Fwp%2Fv2%2Fmedia&parent=28"}],"curies":[{"name":"wp","href":"https:\/\/api.w.org\/{rel}","templated":true}]}}